ommon divisor of 67590 and 390.
30
What is the highest common factor of 286836 and 33?
33
What is the highest common divisor of 1432 and 2664?
8
Calculate the highest common factor of 1419 and 3333.
33
What is the highest common divisor of 406417 and 11?
11
What is the greatest common divisor of 606528 and 5967?
351
What is the highest common divisor of 991710 and 2970?
270
What is the highest common divisor of 401528 and 7208?
424
What is the highest common divisor of 9269930 and 527?
527
Calculate the greatest common divisor of 421173 and 2565.
513
Calculate the greatest common factor of 162 and 720.
18
Calculate the highest common factor of 86 and 12599.
43
Calculate the highest common factor of 16 and 568.
8
Calculate the greatest common factor of 13935 and 85.
5
Calculate the highest common divisor of 112 and 20426.
14
What is the greatest common divisor of 117 and 214227?
117
Calculate the greatest common factor of 2537 and 15163.
59
What is the highest common factor of 6624 and 1242?
414
What is the highest common divisor of 91235 and 68105?
1285
What is the highest common divisor of 50 and 320830?
10
What is the highest common factor of 46 and 1251?
1
What is the highest common factor of 3802799 and 572?
143
What is the highest common factor of 92 and 252?
4
Calculate the highest common factor of 20008 and 65928.
328
What is the greatest common divisor of 375 and 236625?
375
What is the highest common divisor of 30478 and 70?
14
Calculate the greatest common factor of 14611 and 28453.
769
What is the greatest common divisor of 76 and 9196?
76
What is the greatest common factor of 2 and 1538566?
2
Calculate the highest common factor of 14679 and 3486.
21
What is the highest common factor of 120 and 881320?
40
Calculate the greatest common divisor of 1928820 and 366.
366
Calculate the highest common divisor of 6 and 6117.
3
Calculate the highest common factor of 14376 and 3624.
24
Calculate the highest common factor of 27511 and 55.
11
Calculate the highest common divisor of 1309171 and 7585.
1517
Calculate the greatest common divisor of 73185 and 4845.
255
What is the highest common factor of 320031 and 4779?
81
What is the greatest common divisor of 63 and 6657?
21
What is the highest common factor of 8177 and 10064?
629
Calculate the greatest common factor of 18 and 634.
2
What is the highest common divisor of 28 and 670250?
14
Calculate the highest common divisor of 8878 and 230.
46
What is the greatest common divisor of 3463953 and 3?
3
What is the highest common divisor of 40 and 2485?
5
What is the greatest common factor of 81382 and 252?
14
Calculate the highest common factor of 7461 and 252.
9
What is the greatest common factor of 145 and 4147?
29
What is the highest common factor of 50 and 499475?
25
Calculate the greatest common factor of 58 and 42775.
29
What is the highest common factor of 201909 and 37?
37
Calculate the highest common divisor of 35 and 185437.
7
Calculate the highest common factor of 88196 and 782.
34
What is the highest common divisor of 6703 and 28?
1
Calculate the greatest common divisor of 189 and 1445724.
63
Calculate the highest common divisor of 1062 and 10502.
118
Calculate the highest common divisor of 95565 and 3680.
115
Calculate the greatest common factor of 5969845 and 14.
7
Calculate the highest common divisor of 30 and 26790.
30
What is the greatest common factor of 210 and 136910?
10
Calculate the greatest common factor of 33 and 22693.
11
What is the highest common factor of 4964 and 102204?
68
What is the greatest common divisor of 6552 and 1284696?
504
What is the highest common divisor of 84 and 1086582?
42
Calculate the greatest common factor of 1633 and 552.
23
Calculate the highest common divisor of 9918 and 1368.
342
Calculate the highest common divisor of 3268 and 684.
76
Calculate the greatest common factor of 200236 and 904.
452
What is the highest common factor of 1956 and 8028?
12
Calculate the highest common divisor of 3400 and 175975.
25
What is the highest common factor of 199135 and 15?
5
What is the greatest common factor of 1188 and 34848?
396
Calculate the greatest common divisor of 17813 and 141.
47
What is the highest common factor of 136 and 95812?
68
What is the highest common divisor of 6696 and 27000?
216
Calculate the greatest common factor of 3030914 and 790.
158
What is the highest common divisor of 572 and 97504?
44
Calculate the highest common divisor of 1268649 and 5130.
513
What is the highest common divisor of 49 and 94129?
49
Calculate the highest common divisor of 82062 and 26226.
846
Calculate the greatest common divisor of 68 and 115787.
17
Calculate the highest common divisor of 35906 and 104.
26
Calculate the greatest common divisor of 6653 and 3.
1
Calculate the highest common divisor of 695570 and 30.
10
What is the greatest common divisor of 25 and 2456975?
25
What is the greatest common divisor of 1025 and 12997?
41
What is the greatest common divisor of 970 and 1240?
10
What is the greatest common divisor of 2444 and 3276?
52
What is the greatest common divisor of 7912 and 2056?
8
What is the greatest common factor of 2106 and 110322?
162
Calculate the greatest common factor of 127491 and 429.
39
What is the greatest common factor of 11523232 and 48?
16
What is the highest common factor of 12 and 49292?
4
Calculate the highest common factor of 1955 and 1615.
85
What is the highest common divisor of 9168 and 77856?
48
Calculate the greatest common divisor of 800 and 1181300.
100
Calculate the highest common factor of 4408 and 50483.
19
Calculate the highest common divisor of 376 and 64907.
47
Calculate the highest common factor of 32 and 6104.
8
What is the greatest common divisor of 854 and 70?
14
What is the greatest common divisor of 144 and 5106?
6
What is the greatest common divisor of 12384 and 301?
43
What is the greatest common factor of 63 and 144459?
63
What is the highest common divisor of 17632 and 12528?
464
Calculate the greatest common factor of 3111 and 2533.
17
Calculate the highest common divisor of 10 and 153910.
10
Calculate the greatest common factor of 79100 and 24500.
700
Calculate the highest common factor of 2884 and 6744234.
1442
Calculate the highest common factor of 5069 and 12056.
137
What is the highest common factor of 303501 and 187?
187
What is the highest common divisor of 203139 and 99?
9
What is the highest common factor of 15941063 and 83?
83
Calculate the greatest common divisor of 172701 and 2139.
93
Calculate the highest common divisor of 845 and 125.
5
What is the greatest common divisor of 128792 and 442?
34
What is the highest common divisor of 588 and 3012?
12
Calculate the highest common divisor of 22113 and 60879.
273
What is the greatest common factor of 19386 and 324?
54
Calculate the greatest common divisor of 279 and 100812.
93
Calculate the greatest common factor of 627 and 6090051.
627
Calculate the greatest common divisor of 655726 and 1652.
118
Calculate the greatest common divisor of 9240 and 2625.
105
Calculate the highest common divisor of 132260 and 1020.
340
What is the greatest common divisor of 605 and 21340?
55
What is the highest common factor of 348 and 141564?
12
What is the greatest common factor of 272087 and 205623?
2077
What is the greatest common factor of 1410 and 1434534?
282
What is the greatest common factor of 261975 and 30?
15
What is the highest common factor of 733819 and 283?
283
What is the highest common factor of 483 and 43539?
69
What is the greatest common divisor of 471770 and 191?
191
What is the greatest common factor of 40 and 1751320?
40
Calculate the greatest common divisor of 900 and 538740.
180
Calculate the greatest common divisor of 156 and 2384.
4
Calculate the greatest common divisor of 81424 and 140.
28
Calculate the greatest common divisor of 8 and 3622.
2
Calculate the greatest common factor of 420926 and 2332.
1166
Calculate the highest common divisor of 18 and 1062126.
18
What is the highest common factor of 722 and 874?
38
Calculate the highest common divisor of 360 and 22650.
30
Calculate the highest common factor of 323799 and 119.
119
Calculate the highest common divisor of 20 and 3593920.
20
Calculate the highest common divisor of 72718 an